c(l) = -l + 6. Suppose -4*y - 5 - 10 = 5*f, y = 2*f + 6. Let n(u) = -u + 4. Let j be n(f). Calculate c(j).
-1
Let o(x) be the second derivative of -x**4/12 - x**3 - 16*x + 1. Give o(-7).
-7
Let q(s) = s + 6 - 101*s**2 + 54*s**2 - 2*s**3 + 45*s**2. Let r(p) = -5*p**3 - 4*p**2 + 2*p + 13. Let w(f) = 9*q(f) - 4*r(f). Calculate w(2).
12
Let x(u) = 2*u + 25. Suppose -n = 10*n + 165. Let h be x(n). Let q(l) = 2*l + 5. Give q(h).
-5
Let v(g) = 4 + 0*g**2 - 5 - 3*g**2 + 4*g**2 + 13*g. Calculate v(-13).
-1
Let r = -75 - -82. Let i(g) = -4*g**2 - 5*g + 8 - g**2 - r*g + 2*g + g**3. Let l = -16 - -22. Determine i(l).
-16
Let w(u) = -3*u - u + u**2 - 5 + 2*u. Let c be w(4). Let h(j) = 0*j + c*j + 3*j - 1 - 2*j. Calculate h(-1).
-5
Let u = -2 - -34. Suppose y - 4 = -g, 3*g = 5*y - u + 4. Let s(b) = -3*b + 11. Let t(h) = h. Let a(l) = g*s(l) - 2*t(l). Calculate a(0).
-11
Let n(s) = s + 2. Let r(y) = y**2 - 6*y - 6. Let t = 6 + 0. Let c be r(t). Let k be ((-2)/c)/((-2)/(-36)). Determine n(k).
8
Let h(w) = 15*w + 21. Let l(o) = 8*o + 11. Let f(c) = -5*h(c) + 9*l(c). What is f(-6)?
12
Let z(f) be the first derivative of -5*f**4/4 - 2*f**3/3 - f**2/2 - 1. Let n = 600 + -601. Determine z(n).
4
Let j(m) = -44*m - m**2 - 5*m + 41*m. Determine j(-7).
7
Let p(c) be the first derivative of c**4/4 - 2*c**3/3 - 2*c**2 - 4*c + 75. Determine p(-3).
-37
Let b(z) = -z + 6. Let t be b(2). Let l(q) = -q + t*q - 4*q - 7. Give l(-3).
-4
Suppose 61*b - 59*b - 14 = 0. Let n(y) be the first derivative of -5/2*y**2 + 1/4*y**4 - b*y + 4/3*y**3 + 3. Determine n(-5).
-7
Let u(b) = -b**3 + 15*b**2 + 16*b + 4. Let c be u(16). Let m(l) = -86 - 2*l + l**2 + 87 + c*l - 5*l**2. Let q(t) = t + 3. Let z be q(-4). Calculate m(z).
-5
Let a(q) be the third derivative of -q**6/120 + q**5/6 + 13*q**4/24 - 17*q**3/6 - 191*q**2. What is a(11)?
5
Let y(w) = 11*w**3 + 7*w**2 - 3*w - 9. Let z(o) = o**3 - 2*o - 2. Let j(n) = y(n) - 4*z(n). Determine j(-1).
-6
Let q(z) be the first derivative of z**4/4 + 4*z**3/3 - 3*z**2/2 - 6*z - 77. Determine q(-5).
-16
Let y(n) = 7 + 9 + n - 4 - 1. Let g(a) = 7*a - 2. Let s be g(-1). Let p be y(s). Let z(d) = -d**2 + 3*d - 3. Give z(p).
-1
Let d = 3 + 1. Let w(y) = -3 + 2*y + d + 0 - 3 + 2*y**2. Let g = -6 + 4. What is w(g)?
2
Let y(c) = c**2 + 16*c - 6. Suppose 0 = 2*n + 5*m + 39, -5*n = 9*m - 7*m + 87. Give y(n).
11
Let q(b) = 13*b**2 + 8*b + 2. Let t(h) = -8*h**2 - 3*h - 1. Let f(r) = -3*q(r) - 5*t(r). Determine f(7).
-15
Let x(f) = 2*f**3 - f + 2. Let l(o) = 26*o**3 + 2*o**2 - 5*o + 12. Let t(s) = l(s) - 6*x(s). Calculate t(-1).
-13
Let n(r) = -r**2 - r**3 - 3 + r**2 - 2*r - 5*r**2. Let i(t) = -2*t. Let y be i(-1). Suppose q + 17 = 2*g + y, -5*q = 2*g + 15. Give n(q).
7
Suppose 3*m = -5*h + 23, -3*m + 4*h + 20 = m. Let b be (m - (-9)/3) + 0. Suppose 5*x - b = 6. Let i(u) = -u**2 - u + 4. Give i(x).
-8
Let z = 255 + -257. Let w(o) = -3*o**2 - o + 1. Determine w(z).
-9
Suppose 2*a - 49 + 5 = 2*p, 14 = -p + 3*a. Let g = p + 23. Let u(c) = -c**2 - 5*c. What is u(g)?
6
Let g(j) be the first derivative of j**3/3 + 6*j**2 - 18*j + 1. Let y be g(-14). Suppose -y = -4*f - 2. Let r(w) = -4*w + 1. Give r(f).
-7
Let o(a) be the second derivative of -3*a**5/10 + a**4/4 + a**3/6 + a**2/2 + 7*a + 1. What is o(2)?
-33
Let t(g) = -2*g**2 - 18*g - 48. Let n be t(-4). Let f(w) = 2*w + 9. Determine f(n).
-7
Let w(f) = -f**3 + 3*f**2 - 3*f - 3. Suppose -2*z + 10 + 6 = 2*m, 2*z - 8 = 0. Suppose -3*j = -3*s + 24, 2*s - m*s + 11 = -j. What is w(s)?
-12
Let a(g) = -19 - 3 - g + 9. Calculate a(-10).
-3
Let i be ((-30)/20)/((-3)/(-18)). Let r = -4 - -11. Let h(w) = 0*w + w + 4 + 2 + r. Determine h(i).
4
Let i(z) be the third derivative of -1/120*z**6 + 1/2*z**3 + 3*z**2 - 2/15*z**5 + 0*z + 1/6*z**4 - 1. Calculate i(-8).
-29
Suppose 4*c + 0*c + 8 = 0. Let y(d) = -47*d - 3. Let k(m) = -40*m - 3. Let u(r) = -6*k(r) + 5*y(r). What is u(c)?
-7
Let p(d) = 3*d - 1. Let r(x) = -6*x + 2. Let h(l) = 7*p(l) + 4*r(l). Calculate h(2).
-5
Suppose 0 = -0*k + 3*k - 18. Let u(p) = 7*p**2 - 14*p - 2. Let t(j) = -19*j**2 + 40*j + 6. Let w(c) = -3*t(c) - 8*u(c). Give w(k).
-14
Let u(j) be the second derivative of 2*j**2 - 1/20*j**5 + 0*j**3 - 1/4*j**4 - 30*j + 0. Let r(w) = w**2 - w - 3. Let k be r(0). Calculate u(k).
4
Let v(z) = -z**2 - 4*z + 12. Let l be v(-7). Let h(q) = -q**3 + q**2 - q. Let j(r) = 5*r**3 - 15*r**2 + 5*r - 3. Let n(y) = 6*h(y) + j(y). Determine n(l).
6
Let q(y) be the second derivative of -y**5/20 - y**4/2 + 2*y**3/3 + 5*y**2/2 + 16*y + 1. Determine q(-4).
-43
Let a(x) = 11*x**3 - 4*x**3 + x**3 + 3*x - 5 - 7*x**3 + 5*x**2. Give a(-4).
-1
Suppose -2*a - 4*p = -8, -3*a + 128 - 123 = -p. Let d(o) = -2*o**2 + o + 6. Determine d(a).
0
Let s(c) = -4*c**3 + 4*c**2 - 14*c - 9. Let z(q) = -5*q**3 + 5*q**2 - 16*q - 11. Let h(b) = 6*s(b) - 5*z(b). Determine h(3).
7
Suppose 0*t - 5*t = 0. Suppose t = -p + 3*p - 4. Let l(a) = -8 + 0*a + a - p*a + 3. Give l(0).
-5
Let x(m) = 7 - 2*m - m - 1. Suppose 894*z - 917*z + 115 = 0. Calculate x(z).
-9
Let o be (0 - 0)*(-7)/14. Let a(k) = 3 + 0 - 66*k + o + 67*k. Suppose 5 + 0 = 5*z, 5*z = 4*n + 21. Give a(n).
-1
Let k = -242 - -235. Let f(d) = -3*d - 10. Calculate f(k).
11
Let p(l) = 24*l**2 - l. Let t = 429 - 430. Calculate p(t).
25
Let k(j) = -5*j + 4*j - j**2 - 5*j. Let d(y) = 4*y**3 + 54*y**2 - 29*y - 21. Let n be d(-14). Calculate k(n).
-7
Let h = 9 - 10. Let w(c) = c**2 + c. Let n(o) = -4*o**2 - 4*o - 3. Let p(b) = h*n(b) - 5*w(b). Let f(a) = -a**3 - 4*a**2 + 5*a - 4. Let y be f(-5). Give p(y).
-9
Let a(j) = 2*j**2 - 47*j + 17. Let c(g) = g + 13. Let z be c(10). Let k be a(z). Let q(f) = -f**3 - 5*f**2 + 5*f + 7. What is q(k)?
13
Let a = -2 - -4. Let q(g) be the second derivative of g**5/60 - g**4/24 + g**3/6 - 22*g**2 - 54*g. Let b(m) be the first derivative of q(m). Give b(a).
3
Let d = -2484 + 29809/12. Let i(j) be the third derivative of d*j**4 - 13*j**2 - 1/60*j**5 + 5/6*j**3 + 0*j + 0. What is i(4)?
-3
Let r be (32/6 - 4) + 2/(-6). Let m(s) = -30*s**3 - 2*s + 1. Calculate m(r).
-31
Let a(q) = -104*q + 207*q + 16 - 104*q + 16. Determine a(14).
18
Suppose 1 - 49 = 4*m. Let i be 2/m + 170/12. Suppose -4*a = 10 + i. Let u(h) = -h + 8. What is u(a)?
14
Let u(s) = 22*s + 5*s**2 - 18*s + 7 + s**3 - 3*s. Give u(-5).
2
Suppose -12*z + 7*z = 0. Suppose 4*n + 2*n - 18 = z. Let d(v) = 3*v - 3. Determine d(n).
6
Suppose -3*s = -4*i - 32, 2 - 19 = 2*s + 5*i. Let r = -8 - -15. Let m(w) = 3 - 6*w**2 + 2 + 5*w + w**3 - r + w. What is m(s)?
-10
Let k(y) = -21*y + 25*y - 44 + 35. Calculate k(6).
15
Let d(u) = u**2 - 3*u - 16. Let c be d(6). Let v(a) = -2 - 1 + c*a - a. Calculate v(5).
2
Let f(z) = -z**2 + 5*z + 3. Let b(o) = 5*o**2 + 10*o + 4. Let t be b(-2). Determine f(t).
7
Let p(i) = -21*i**2 + 1. Let v be 0 + 0 + (-4)/4. Determine p(v).
-20
Let a(u) = 4*u + 7. Let z(l) = -l - 2. Let m(q) = a(q) + 3*z(q). Suppose 8 = 2*b - 2. Suppose 0 = c + 5*x - 16, -b*c + 0*x + 3*x - 4 = 0. Give m(c).
2
Let q be (7 + 3)/(0 + 2). Suppose -2 - 13 = -5*u - w, 0 = -5*u - q*w - 5. Let d(l) = -u*l**2 + l**3 + 0*l**3 + 2 - 7*l + 1. Determine d(5).
-7
Let x(d) = -d - 3. Let t(n) = -5*n**3 + n - 4. Let r be t(2). Let m = r - -65. Suppose -3*s + 8*s - 5 = 0, 2*s = 5*q - m. Determine x(q).
-8
Suppose 9*l - 4*l = 30. Let z(s) = -s**2 + 7*s - 4. Calculate z(l).
2
Let z(u) = -3*u**2 + 11*u - 5. Let b(a) = -2*a**2 + 6*a - 3. Let k(r) = -5*b(r) + 3*z(r). Let j = 1 - 5. Give k(j).
4
Let w(v) = v - 7. Suppose 18*k + 6 = 60. Determine w(k).
-4
Let b be (-3)/(-8) + (-2910)/80. Let m be (24/b)/(4/(-18)). Let z(r) = -r**3 + 4*r**2 - r. Calculate z(m).
6
Let z(b) = 2*b + 4. Let k(r) = -r**3 - 5*r**2 - 7*r - 6. Let q be k(-4). Let d(s) = s**2 - 6*s - 7. Let f be d(q). What is z(f)?
-10
Let x(t) = t**3 - 4*t**2 + 5*t - 6. Let z = -90 - -96. Suppose 0 = d + 2 - z. Give x(d).
14
Suppose 3*n - 8*n - 20 = 0. Let m(j) = -j. Let g(c) = 2 - 11 + 5 - c**2 - 8*c. Let u(p) = -g(p) + 6*m(p). What is u(n)?
12
Let l be 2/3 - 80/(-15). Let i(q) be the third derivative of -q**4/24 + q**3/2 - 2*q**2 - 9. Calculate i(l).
-3
Let j(x) = -x**2 + 4*x - 5. Let z = -79 - -135. Suppose 2*r + 0*r + z = 0. Let d be (-46)/(-8) + 21/r. What is j(d)?
-10
Let v = 372 - 236. Let m(w) = v*w + 136*w - 4 - 273*w. Give m(6).
-10
L